{"id":637,"date":"2021-05-11T16:34:13","date_gmt":"2021-05-11T16:34:13","guid":{"rendered":"http:\/\/abschleppdienst-sluka.eu\/?page_id=637"},"modified":"2021-05-15T15:56:48","modified_gmt":"2021-05-15T15:56:48","slug":"ueber-uns","status":"publish","type":"page","link":"http:\/\/abschleppdienst-sluka.eu\/?page_id=637","title":{"rendered":"\u00dcber Uns"},"content":{"rendered":"\n<h2>Willkommen beim Abschleppdienst Sluka GmbH<\/h2>\n\n\n\n<p>Der Abschleppdienst Sluka mit seinen zwei Standorten und seinem gro\u00dfen Leistungsspektrum wurde von Reinhold Sluka durch die \u00dcbernahm des Abschleppdienst Herres im Juli 1999 gegr\u00fcndet. Daf\u00fcr zog der geb\u00fcrtige Bayer aus dem bayrischen Dillingen, wo er bereits einen Betrieb gef\u00fchrt hat, zum Niederrhein. <\/p>\n\n\n\n<blockquote class=\"wp-block-quote is-style-large\"><p>&#8220;Ich hatte eine Anzeige in unserem Fachblatt gelesen, wonach am Niederrhein ein eingef\u00fchrtes Unternehmen verkauft werden sollte. Hier ist mehr los.&#8221;<\/p><cite>Reinhold Sluka<\/cite><\/blockquote>\n\n\n\n<p>In den vergangenen Jahren ist das Unternehmen immer weiter gewachsen. So kamen nach und nach neue Fahrzeuge zum Fuhrpark hinzu und es wurde ein zweiter Standort in Duisburg gegr\u00fcndet.<\/p>\n\n\n\n<p>Seit 2019 wird der Standort in Sonsbeck von Dennis Sluka als Gesch\u00e4ftsf\u00fchrer gef\u00fchrt. Der Standort in Duisburg wird seit 2020 von Martin Holz als Gesch\u00e4ftsf\u00fchrer geleitet.<\/p>\n\n\n\n<p>Als Abschleppdienst sind wir nicht nur darauf spezialisiert Autos und LKW&#8217;s abzuschleppen, sondern auch zu bergen. Des Weiteren sind wir in der Lage Aufgaben im Bereich der Verkehrsfl\u00e4chenreinigung und \u00d6lspurbeseitigung zu \u00fcbernehmen.<\/p>\n\n\n\n<p>Wir sind an 24 Stunden an 365 Tagen im Jahr an unseren Standorten in Duisburg &amp; Sonsbeck f\u00fcr Sie im Einsatz!<\/p>\n\n\n\n<p>Sollte Ihr Fahrzeug durch uns abgeschleppt worden sein, so haben Sie die M\u00f6glichkeit einer Fahrzeugabholung von Montag bis Freitag in der Zeit von 10:00 bis 16:00 Uhr. <\/p>\n\n\n\n<p>F\u00fcr Fragen k\u00f6nnen Sie uns w\u00e4hrend der Gesch\u00e4ftszeiten anrufen oder uns gern eine Mail an: info@asd-sluka.de senden. &nbsp; <\/p>\n\n\n\n<p>Wir w\u00fcnschen Ihnen &#8220;<em>allzeit gute Fahrt<\/em>&#8220;! &nbsp; <\/p>\n\n\n\n<p>Ihr Team vom &nbsp; <\/p>\n\n\n\n<p><em>Abschleppdienst Sluka GmbH<\/em><\/p>\n","protected":false},"excerpt":{"rendered":"<p>Willkommen beim Abschleppdienst Sluka GmbH Der Abschleppdienst Sluka mit seinen zwei Standorten und seinem gro\u00dfen Leistungsspektrum wurde von Reinhold Sluka durch die \u00dcbernahm des Abschleppdienst Herres im Juli 1999 gegr\u00fcndet. Daf\u00fcr zog der geb\u00fcrtige Bayer aus dem bayrischen Dillingen, wo er bereits einen Betrieb gef\u00fchrt hat, zum Niederrhein. &#8220;Ich hatte eine Anzeige in unserem Fachblatt &hellip; <\/p>\n<p class=\"link-more\"><a href=\"http:\/\/abschleppdienst-sluka.eu\/?page_id=637\" class=\"more-link\"><span class=\"screen-reader-text\">\u201e\u00dcber Uns\u201c<\/span> weiterlesen<\/a><\/p>\n","protected":false},"author":2,"featured_media":740,"parent":0,"menu_order":0,"comment_status":"closed","ping_status":"closed","template":"","meta":[],"_links":{"self":[{"href":"http:\/\/abschleppdienst-sluka.eu\/index.php?rest_route=\/wp\/v2\/pages\/637"}],"collection":[{"href":"http:\/\/abschleppdienst-sluka.eu\/index.php?rest_route=\/wp\/v2\/pages"}],"about":[{"href":"http:\/\/abschleppdienst-sluka.eu\/index.php?rest_route=\/wp\/v2\/types\/page"}],"author":[{"embeddable":true,"href":"http:\/\/abschleppdienst-sluka.eu\/index.php?rest_route=\/wp\/v2\/users\/2"}],"replies":[{"embeddable":true,"href":"http:\/\/abschleppdienst-sluka.eu\/index.php?rest_route=%2Fwp%2Fv2%2Fcomments&post=637"}],"version-history":[{"count":12,"href":"http:\/\/abschleppdienst-sluka.eu\/index.php?rest_route=\/wp\/v2\/pages\/637\/revisions"}],"predecessor-version":[{"id":769,"href":"http:\/\/abschleppdienst-sluka.eu\/index.php?rest_route=\/wp\/v2\/pages\/637\/revisions\/769"}],"wp:featuredmedia":[{"embeddable":true,"href":"http:\/\/abschleppdienst-sluka.eu\/index.php?rest_route=\/wp\/v2\/media\/740"}],"wp:attachment":[{"href":"http:\/\/abschleppdienst-sluka.eu\/index.php?rest_route=%2Fwp%2Fv2%2Fmedia&parent=637"}],"curies":[{"name":"wp","href":"https:\/\/api.w.org\/{rel}","templated":true}]}}