{"id":658,"date":"2021-05-11T16:54:53","date_gmt":"2021-05-11T16:54:53","guid":{"rendered":"http:\/\/abschleppdienst-sluka.eu\/?page_id=658"},"modified":"2021-05-18T17:15:21","modified_gmt":"2021-05-18T17:15:21","slug":"unser-fuhrpark","status":"publish","type":"page","link":"http:\/\/abschleppdienst-sluka.eu\/?page_id=658","title":{"rendered":"Unser Fuhrpark"},"content":{"rendered":"\n<h1>Unser Fuhrpark an den Standorten Sonsbeck &amp; Duisburg<\/h1>\n\n\n\n<h2>Finden Sie auf dieser Seite eine \u00dcbersicht unserer Fahrzeuge<\/h2>\n\n\n\n<p>Um Ihnen einen bestm\u00f6glichen Service bieten zu k\u00f6nnen, ben\u00f6tigen wir auch einen entsprechenden Fuhrpark. Auf dieser Seite finden Sie eine \u00dcbersicht der verschiedenen Fahrzeugkategorien und Fahrzeuge, die wir f\u00fcr Sie bereithalten.<\/p>\n\n\n\n<div class=\"wp-container-4 wp-block-columns\">\n<div class=\"wp-container-1 wp-block-column\">\n<p><em>(Kran)-Plateau\u00b4s<\/em><\/p>\n\n\n\n<figure class=\"wp-block-image size-large\"><a href=\"http:\/\/abschleppdienst-sluka.eu\/?page_id=314\" target=\"_blank\" rel=\"noopener\"><img loading=\"lazy\" width=\"1024\" height=\"1024\" src=\"http:\/\/abschleppdienst-sluka.eu\/wp-content\/uploads\/2021\/05\/18-1024x1024.png\" alt=\"\" class=\"wp-image-702\" srcset=\"http:\/\/abschleppdienst-sluka.eu\/wp-content\/uploads\/2021\/05\/18-1024x1024.png 1024w, http:\/\/abschleppdienst-sluka.eu\/wp-content\/uploads\/2021\/05\/18-300x300.png 300w, http:\/\/abschleppdienst-sluka.eu\/wp-content\/uploads\/2021\/05\/18-150x150.png 150w, http:\/\/abschleppdienst-sluka.eu\/wp-content\/uploads\/2021\/05\/18-768x768.png 768w, http:\/\/abschleppdienst-sluka.eu\/wp-content\/uploads\/2021\/05\/18.png 1080w\" sizes=\"(max-width: 767px) 89vw, (max-width: 1000px) 54vw, (max-width: 1071px) 543px, 580px\" \/><\/a><\/figure>\n<\/div>\n\n\n\n<div class=\"wp-container-2 wp-block-column\">\n<p><em>Hubbrille<\/em><\/p>\n\n\n\n<figure class=\"wp-block-image size-large\"><a href=\"http:\/\/abschleppdienst-sluka.eu\/?page_id=351\" target=\"_blank\" rel=\"noopener\"><img loading=\"lazy\" width=\"1024\" height=\"1024\" src=\"http:\/\/abschleppdienst-sluka.eu\/wp-content\/uploads\/2021\/05\/9-1-1024x1024.png\" alt=\"\" class=\"wp-image-693\" srcset=\"http:\/\/abschleppdienst-sluka.eu\/wp-content\/uploads\/2021\/05\/9-1-1024x1024.png 1024w, http:\/\/abschleppdienst-sluka.eu\/wp-content\/uploads\/2021\/05\/9-1-300x300.png 300w, http:\/\/abschleppdienst-sluka.eu\/wp-content\/uploads\/2021\/05\/9-1-150x150.png 150w, http:\/\/abschleppdienst-sluka.eu\/wp-content\/uploads\/2021\/05\/9-1-768x768.png 768w, http:\/\/abschleppdienst-sluka.eu\/wp-content\/uploads\/2021\/05\/9-1.png 1080w\" sizes=\"(max-width: 767px) 89vw, (max-width: 1000px) 54vw, (max-width: 1071px) 543px, 580px\" \/><\/a><\/figure>\n<\/div>\n\n\n\n<div class=\"wp-container-3 wp-block-column\">\n<p><em>Unterfahrlift<\/em><\/p>\n\n\n\n<figure class=\"wp-block-image size-large\"><a href=\"http:\/\/abschleppdienst-sluka.eu\/?page_id=449\" target=\"_blank\" rel=\"noopener\"><img loading=\"lazy\" width=\"1024\" height=\"1024\" src=\"http:\/\/abschleppdienst-sluka.eu\/wp-content\/uploads\/2021\/05\/19-1024x1024.png\" alt=\"\" class=\"wp-image-703\" srcset=\"http:\/\/abschleppdienst-sluka.eu\/wp-content\/uploads\/2021\/05\/19-1024x1024.png 1024w, http:\/\/abschleppdienst-sluka.eu\/wp-content\/uploads\/2021\/05\/19-300x300.png 300w, http:\/\/abschleppdienst-sluka.eu\/wp-content\/uploads\/2021\/05\/19-150x150.png 150w, http:\/\/abschleppdienst-sluka.eu\/wp-content\/uploads\/2021\/05\/19-768x768.png 768w, http:\/\/abschleppdienst-sluka.eu\/wp-content\/uploads\/2021\/05\/19.png 1080w\" sizes=\"(max-width: 767px) 89vw, (max-width: 1000px) 54vw, (max-width: 1071px) 543px, 580px\" \/><\/a><\/figure>\n<\/div>\n<\/div>\n\n\n\n<div class=\"wp-container-9 wp-block-columns\">\n<div class=\"wp-container-8 wp-block-column\">\n<div class=\"wp-container-7 wp-block-columns\">\n<div class=\"wp-container-5 wp-block-column\">\n<p><em><em>\u00d6lspurbeseitigung &amp; Verkehrsfl\u00e4chenreinigung<\/em><\/em><\/p>\n\n\n\n<figure class=\"wp-block-image size-large\"><a href=\"http:\/\/abschleppdienst-sluka.eu\/?page_id=822\" target=\"_blank\" rel=\"noopener\"><img loading=\"lazy\" width=\"1024\" height=\"1024\" src=\"http:\/\/abschleppdienst-sluka.eu\/wp-content\/uploads\/2021\/05\/Fahrzeige-ASD-Sluka-1-1024x1024.png\" alt=\"\" class=\"wp-image-789\" srcset=\"http:\/\/abschleppdienst-sluka.eu\/wp-content\/uploads\/2021\/05\/Fahrzeige-ASD-Sluka-1-1024x1024.png 1024w, http:\/\/abschleppdienst-sluka.eu\/wp-content\/uploads\/2021\/05\/Fahrzeige-ASD-Sluka-1-300x300.png 300w, http:\/\/abschleppdienst-sluka.eu\/wp-content\/uploads\/2021\/05\/Fahrzeige-ASD-Sluka-1-150x150.png 150w, http:\/\/abschleppdienst-sluka.eu\/wp-content\/uploads\/2021\/05\/Fahrzeige-ASD-Sluka-1-768x768.png 768w, http:\/\/abschleppdienst-sluka.eu\/wp-content\/uploads\/2021\/05\/Fahrzeige-ASD-Sluka-1-100x100.png 100w, http:\/\/abschleppdienst-sluka.eu\/wp-content\/uploads\/2021\/05\/Fahrzeige-ASD-Sluka-1.png 1080w\" sizes=\"(max-width: 767px) 89vw, (max-width: 1000px) 54vw, (max-width: 1071px) 543px, 580px\" \/><\/a><\/figure>\n<\/div>\n\n\n\n<div class=\"wp-container-6 wp-block-column\">\n<p>Sonstige                                                      Fahrzeuge<\/p>\n\n\n\n<figure class=\"wp-block-image size-large\"><a href=\"http:\/\/abschleppdienst-sluka.eu\/?page_id=456\" target=\"_blank\" rel=\"noopener\"><img loading=\"lazy\" width=\"1024\" height=\"1024\" src=\"http:\/\/abschleppdienst-sluka.eu\/wp-content\/uploads\/2021\/05\/16-1-1024x1024.png\" alt=\"\" class=\"wp-image-700\" srcset=\"http:\/\/abschleppdienst-sluka.eu\/wp-content\/uploads\/2021\/05\/16-1-1024x1024.png 1024w, http:\/\/abschleppdienst-sluka.eu\/wp-content\/uploads\/2021\/05\/16-1-300x300.png 300w, http:\/\/abschleppdienst-sluka.eu\/wp-content\/uploads\/2021\/05\/16-1-150x150.png 150w, http:\/\/abschleppdienst-sluka.eu\/wp-content\/uploads\/2021\/05\/16-1-768x768.png 768w, http:\/\/abschleppdienst-sluka.eu\/wp-content\/uploads\/2021\/05\/16-1.png 1080w\" sizes=\"(max-width: 767px) 89vw, (max-width: 1000px) 54vw, (max-width: 1071px) 543px, 580px\" \/><\/a><\/figure>\n<\/div>\n<\/div>\n<\/div>\n<\/div>\n\n\n","protected":false},"excerpt":{"rendered":"<p>Unser Fuhrpark an den Standorten Sonsbeck &amp; Duisburg Finden Sie auf dieser Seite eine \u00dcbersicht unserer Fahrzeuge Um Ihnen einen bestm\u00f6glichen Service bieten zu k\u00f6nnen, ben\u00f6tigen wir auch einen entsprechenden Fuhrpark. Auf dieser Seite finden Sie eine \u00dcbersicht der verschiedenen Fahrzeugkategorien und Fahrzeuge, die wir f\u00fcr Sie bereithalten. (Kran)-Plateau\u00b4s Hubbrille Unterfahrlift \u00d6lspurbeseitigung &amp; Verkehrsfl\u00e4chenreinigung Sonstige &hellip; <\/p>\n<p class=\"link-more\"><a href=\"http:\/\/abschleppdienst-sluka.eu\/?page_id=658\" class=\"more-link\"><span class=\"screen-reader-text\">\u201eUnser Fuhrpark\u201c<\/span> weiterlesen<\/a><\/p>\n","protected":false},"author":2,"featured_media":279,"parent":0,"menu_order":0,"comment_status":"closed","ping_status":"closed","template":"","meta":[],"_links":{"self":[{"href":"http:\/\/abschleppdienst-sluka.eu\/index.php?rest_route=\/wp\/v2\/pages\/658"}],"collection":[{"href":"http:\/\/abschleppdienst-sluka.eu\/index.php?rest_route=\/wp\/v2\/pages"}],"about":[{"href":"http:\/\/abschleppdienst-sluka.eu\/index.php?rest_route=\/wp\/v2\/types\/page"}],"author":[{"embeddable":true,"href":"http:\/\/abschleppdienst-sluka.eu\/index.php?rest_route=\/wp\/v2\/users\/2"}],"replies":[{"embeddable":true,"href":"http:\/\/abschleppdienst-sluka.eu\/index.php?rest_route=%2Fwp%2Fv2%2Fcomments&post=658"}],"version-history":[{"count":10,"href":"http:\/\/abschleppdienst-sluka.eu\/index.php?rest_route=\/wp\/v2\/pages\/658\/revisions"}],"predecessor-version":[{"id":828,"href":"http:\/\/abschleppdienst-sluka.eu\/index.php?rest_route=\/wp\/v2\/pages\/658\/revisions\/828"}],"wp:featuredmedia":[{"embeddable":true,"href":"http:\/\/abschleppdienst-sluka.eu\/index.php?rest_route=\/wp\/v2\/media\/279"}],"wp:attachment":[{"href":"http:\/\/abschleppdienst-sluka.eu\/index.php?rest_route=%2Fwp%2Fv2%2Fmedia&parent=658"}],"curies":[{"name":"wp","href":"https:\/\/api.w.org\/{rel}","templated":true}]}}